or of d and s?
7
Let v be 1 + 2 + 1 + 1. Suppose -v*x - 1 = 4. Let s be (-3)/((-3)/x) + 133. What is the highest common divisor of s and 12?
12
Let h(j) = 5*j**3 + 4*j**2 - j + 3. Let o be h(5). Suppose 3*f - 435 = 2*a + a, 5*f = 4*a + o. What is the highest common factor of 13 and f?
13
Let g be (-1)/(0 + 5/(-90)). Calculate the greatest common divisor of g and 2.
2
Suppose 4*a = -5*l + 75, 60 = 4*l + a + 4*a. What is the greatest common factor of 10 and l?
5
Suppose -r = -4*k - 19, -4*k - 98 + 19 = -5*r. Let w = 23 - 13. Calculate the highest common factor of w and r.
5
Suppose 0*y = y. Let r be 2 + -1 + -2 + y. Let p(g) = 84*g**2. Let d be p(r). What is the greatest common divisor of 12 and d?
12
Let v = 114 - 90. Calculate the highest common divisor of v and 192.
24
Suppose 0 = -0*a - a + 38. Let m be (-4)/(-10) - (-849)/15. Calculate the greatest common factor of a and m.
19
Let n = 10 + 20. What is the greatest common factor of n and 75?
15
Suppose 2*x - c - 47 = 0, -2*x - x - 3*c + 66 = 0. What is the highest common divisor of 23 and x?
23
Suppose -2*o - 32 = -2*u, -2*u - 3*o + 24 = -u. Calculate the highest common divisor of u and 198.
18
Let w = 51 - 20. What is the highest common factor of w and 31?
31
Let z(t) = -5 - t - 4*t + 0*t. Let y be z(-5). Suppose -s + 16 = s. What is the highest common factor of y and s?
4
Let j = 2 + 0. Suppose -2*l - 20 = j*l. Let o = -3 - l. What is the greatest common divisor of o and 2?
2
Suppose -15 = -j + 90. What is the greatest common divisor of j and 35?
35
Let o = -4 + 15. What is the greatest common divisor of o and 99?
11
Let t = -22 + 25. Suppose 3*r + 0*r = 0. Let j be 3 + (r + -2 - -2). Calculate the greatest common factor of t and j.
3
Let w(x) = x**3 - 6*x**2 + 3*x + 6. Let o(y) = y - 8. Let j be o(14). Let z be w(j). Suppose 1 = -4*v + 25. Calculate the highest common divisor of v and z.
6
Suppose 8*x - 75 = 3*x. What is the greatest common factor of 5 and x?
5
Let f(g) = -22*g**3 - 2*g**2 - 2*g - 1. Let k be f(-1). Let o = -127 + 358. Calculate the greatest common factor of k and o.
21
Let v be 2 + -1 + (3 - 2). Let m be 0 + 1 + 6/v. Suppose -82 = -4*t + 3*r, 0 = 2*t + m*r - 2*r - 48. What is the highest common factor of 22 and t?
22
Suppose -582 = 3*l - 6*l + 2*y, 4*l - 3*y = 775. What is the greatest common divisor of 28 and l?
28
Let q be (-1)/(-2)*(14 - 0). What is the highest common factor of q and 49?
7
Let k = -44 + 72. What is the greatest common factor of 42 and k?
14
Suppose -4*q - 5*g + 89 = 0, 0*g + 2*g - 26 = -q. What is the highest common divisor of q and 80?
16
Let a = -27 + 69. Let y = 107 - a. Suppose -s - 4*j + 116 = s, -s + 5*j + y = 0. What is the greatest common divisor of s and 15?
15
Let c(p) be the second derivative of -p**2 - 2*p + 0 - 1/12*p**4 - 3/2*p**3. Let f be c(-8). Calculate the highest common divisor of 4 and f.
2
Let q = -23 + 35. Suppose 3*i = -3*g - 6, -g - 3*i - 8 - 2 = 0. Suppose -2*p = -g*l - 26, p + l = -0*p + 3. Calculate the highest common divisor of q and p.
4
Let b be (18/(-4))/((-2)/4). Let i(y) = y**2 - 1. Let t be i(-1). Suppose t = -b*l + 4*l + 330. What is the greatest common divisor of l and 6?
6
Suppose -6*i + 40 + 32 = 0. Calculate the greatest common divisor of 18 and i.
6
Let q = 197 - 85. What is the highest common factor of q and 32?
16
Suppose -44 - 12 = -4*a. Calculate the greatest common factor of a and 7.
7
Let l(r) = -178*r - 2. Let f be l(-1). Calculate the greatest common divisor of f and 22.
22
Let f(h) = h**2 + 5*h + 6. Let g be f(-5). Let n be 3 + 18/(-30) + (-6)/(-10). What is the highest common divisor of n and g?
3
Suppose -1 = t + 11. Let i be 6*(-1 + -2 - t). Let w = 15 + 3. What is the greatest common factor of w and i?
18
Let v = 5 - 0. Suppose 0 = -v*t - 5*k + 40, 0*t = 2*t + 3*k - 21. Suppose -4*q = t*w - 4 - 19, -11 = -2*q - w. What is the greatest common divisor of 20 and q?
5
Let j(w) = -w**2 + w + 11. Let q be j(0). Let r = -8 + q. Suppose 4*p = -g + 31, -r*p + 22 = -0*p + 2*g. Calculate the highest common divisor of 8 and p.
8
Let w = 17 - 2. Calculate the highest common factor of w and 45.
15
Let k(f) = 4*f - 4. Let b be k(-4). Let j = b + 31. What is the greatest common factor of 55 and j?
11
Let g(k) = -41*k + 15. Let i be g(-5). What is the highest common divisor of 20 and i?
20
Let l(p) = p**3 + 6*p**2 + 2*p + 3. Let h be l(3). Calculate the greatest common divisor of 36 and h.
18
Let x(o) = o**2 - 2*o + 1. Let r be x(2). Let h(m) = 2*m - 4. Let u be h(4). Calculate the greatest common factor of r and u.
1
Let z be 3 + -6 - (-4 + -1). Suppose -8 = -z*j + 8. Calculate the greatest common divisor of 24 and j.
8
Let l = 40 + 136. What is the greatest common divisor of 22 and l?
22
Let x = 169 + -25. Calculate the highest common divisor of 18 and x.
18
Let q be (-5)/30 - 70/12. Let m = q - -10. Suppose -4*l = -r - 3*r + 80, m*r - 82 = 2*l. Calculate the greatest common factor of r and 42.
21
Suppose 0 = 4*o - 4*x - 24, -3*o = -4*x + 3 - 19. Let y be 730/25 - (-2)/(-10). Let r = 41 - y. What is the greatest common factor of r and o?
4
Let a be 0 - (-8 + 2)/(-3). Let y be -2*a/(-2) - -14. Calculate the highest common factor of y and 3.
3
Let k be (12/8)/((-6)/(-8)). Let t be (-2)/6 - (-30)/9. Suppose t*m + k*d + 60 = 7*m, -3*m = 5*d - 45. What is the highest common factor of 60 and m?
15
Let p = 1 - 4. Let d be p*(1*-16 + -1). Let u = d + -33. What is the greatest common divisor of 18 and u?
18
Suppose -24 = -2*q + 12. Let s = 0 - -4. Suppose 11 = m + s*v, 6*m - 4*v = m + 151. What is the greatest common divisor of m and q?
9
Let w = -4 - -7. Suppose 3*y + w*r - 315 = -0*y, -2*r = y - 108. What is the greatest common factor of 17 and y?
17
Let s be (0 - -22)*(-4)/(-8). What is the highest common divisor of 121 and s?
11
Suppose 2*u + 0*u = -118. Let v = -12 + u. Let f = v + 134. What is the greatest common factor of 9 and f?
9
Suppose d = -3*q - 3*d + 17, 0 = -3*q - 2*d + 13. Let t(k) = k**2 - k - 3. Let u be t(q). Calculate the greatest common divisor of 3 and u.
3
Let v(m) = 11*m**2 - 6*m + 18. Let q be v(3). What is the highest common divisor of q and 11?
11
Suppose -2*l + 6 = 2*t, -5*l = -4*t - 44 + 2. Let z = -6 - l. Let r be 50/4*z/(-5). Calculate the greatest common factor of 6 and r.
6
Let s(m) = m + 4. Let w be s(-5). Let a be 0 + (-1 - w) - -3. Suppose 0 = 5*f + k - 215, -3*f + a*k + 101 = -46. What is the highest common factor of f and 4?
4
Let h(i) = 1. Let x(q) = -q**2 + 3*q + 5. Let d(l) = -4*h(l) + x(l). Let b be d(3). Calculate the greatest common factor of b and 8.
1
Suppose 0 = 2*n - 7*n - 275. Let j = n - -97. Suppose -14 = -3*h + 4. Calculate the greatest common divisor of j and h.
6
Let a(p) = -p**2 - 4*p + 3. Let x be a(-4). Suppose x*t = -0 - 3. Let u be t + -1 + 9 - 1. What is the highest common divisor of 6 and u?
6
Let h = -231 - -327. Calculate the greatest common divisor of 12 and h.
12
Suppose -n + 8 = -8. Calculate the greatest common divisor of n and 64.
16
Suppose -5*t + 73 = -17. What is the highest common divisor of t and 54?
18
Let u(v) = 2*v - 1 - 4*v + v. Let t be u(-7). What is the highest common divisor of t and 12?
6
Let p = 1 - -131. Suppose -5*x + 5*j = -26 + 6, 5*x + 4*j = 11. Suppose 4*f + x*u = 5*u + 38, 3*u - 27 = -f. Calculate the highest common divisor of p and f.
12
Suppose 3*u + 8 = 5*s, -3*s = -u + s - 12. Calculate the highest common factor of 8 and u.
4
Let t = -1 + 0. Let x = 6 + -1. Let i = x + t. What is the greatest common divisor of 44 and i?
4
Suppose -7*m - 21 = -10*m. Let x(q) = 3*q + 7. Let w be x(m). What is the greatest common factor of w and 70?
14
Let s = 6 - 39. Let m = 22 + s. Let p = 20 + m. Calculate the highest common factor of p and 6.
3
Let m(b) = b**2 - 5*b + 6. Let f be m(6). What is the greatest common divisor of 3 and f?
3
Suppose 3*v + 4*b = 363, 4*v - 5*b = -0*b + 453. What is the highest common divisor of v and 13?
13
Let p(m) = -m**2 - 14*m + 11. Let r be p(-13). Calculate the greatest common factor of r and 264.
24
Let t(j) = 4*j + 4. Let k be t(3). Suppose -4*q - 3*m + 42 = -3, 5*q - 5*m = 30. Let a = q - 5. What is the highest common divisor of k and a?
4
Let h = 0 + -1. Let u be -2*h/(-2) + 106. Let f be (-10)/(-40) + 11